56 = 5*w - h, -2*h + 19 = 3*w + p. Let a = -5 - w. What is the units digit of a?
6
Let g(y) = -y**3 - 14*y**2 - 14*y - 11. Let z(j) = -2*j**2 + 8*j - 3. Let p be z(5). Let l be g(p). Suppose 10 = l*c - 28. What is the tens digit of c?
1
What is the units digit of (-6)/(-9) - 22/(-3)?
8
What is the units digit of (4 + 5)*((-1)/(-3) + 0)?
3
Suppose -4*v + 136 = 4*x, v - 171 = -3*v + 3*x. What is the tens digit of v?
3
Let t(h) = 29*h - 1. Let k be t(-1). What is the units digit of -1 + 7/((-21)/k)?
9
Let l(p) = -p**2 + 14*p - 16. Let b be l(13). What is the units digit of 12 - (b + 3)/3?
2
Let n(r) = r**3 + 9*r**2 + 6*r. Let o be n(-8). Suppose 8 + o = -4*b. What is the units digit of -7*(1 + b/3)?
7
Let k(b) = b**2 + 4*b. Suppose -13 = 3*y + q, 0 = -2*y - q - 7 - 3. Let l be k(y). Let g = l + 10. What is the units digit of g?
7
Let g = 6 - 4. Suppose 0 = 3*c - 4*r + r, 0 = -c + 3*r - g. What is the units digit of c?
1
Let c(i) = -3*i. Let f be c(-1). Let o(r) = 2 + 4*r + 4 - 3 - r - r**2. What is the units digit of o(f)?
3
Let q(v) = 19*v**2 - 6*v + 7. Let f be q(3). Suppose 5*g = g + f. What is the tens digit of g?
4
Let o = 345 - 173. What is the units digit of o?
2
What is the units digit of 514/9 + (175/45 - 4)?
7
Let c(f) = -f**2 - 21*f - 16. What is the tens digit of c(-19)?
2
Let j = 518 + -359. What is the units digit of j?
9
Let c be 0 + 0 + 3 - 3. Suppose c = -4*q - 5*r + 30, 35 = 7*q - 2*q + 5*r. What is the units digit of q?
5
Suppose -4*z + 4*b = -560, z + 5*b = -3*z + 596. What is the units digit of z?
4
Let i(c) = -c**3 + 5*c**2 + 5*c. Let z be i(6). Let r(g) be the first derivative of -3*g**2/2 - 8*g + 2. What is the tens digit of r(z)?
1
Let n = 223 + -200. What is the tens digit of n?
2
Let x(q) be the first derivative of -q**3/3 - 5*q**2 - 3*q + 1. Let m be x(-9). Let g = m + -4. What is the units digit of g?
2
Let b = -69 + 248. What is the units digit of b?
9
Suppose s = -s + 4. What is the units digit of s?
2
Suppose -3*u - 4 = -19. What is the units digit of ((-16)/u)/(2/(-15))?
4
Suppose 29 = -3*z + 137. What is the tens digit of z?
3
Let b(w) = -3*w + 3. Let m be b(2). Let y be (44/6)/((-1)/m). Suppose 0*k - y = -2*k + 4*i, 2*k + 2*i - 16 = 0. What is the units digit of k?
9
What is the units digit of 3/(-24) + 3012/32?
4
Suppose -20 = -4*a + 3*y, 6*a = 2*a + 4*y + 16. What is the units digit of a?
8
Let y(o) = 3 - 9*o**2 - o**3 + 4 - 8*o - 5. Let p be y(-8). Let i = p - 1. What is the units digit of i?
1
Suppose 0 = -3*l + 3*g + 102, -4*l - 3*g + 108 = -l. What is the tens digit of l?
3
Let x(a) = a + 4. Let i be x(-2). Suppose i*c + 9 = 3*f, -2*c + 3*c + 3*f = 18. Suppose -9 = 3*b + 4*o, b + 11 = -c*o - o. What is the units digit of b?
1
Let v be -193 + (0 - (-1 - -3)). What is the units digit of (-1)/(-3) - v/9?
2
Let a(h) = h**2 - 10*h + 5. Let v be a(4). Let b = -11 - v. What is the units digit of b?
8
Let o = 82 + 59. What is the tens digit of o?
4
Suppose 4*w - 209 = 39. What is the tens digit of w?
6
Suppose 0 = -4*j + 12 - 4. Suppose 0 = j*q - t - 30, 60 = 4*q - 2*t - 2*t. What is the units digit of (7 + -2)*9/q?
3
Let m be (-2)/((-1)/((-3)/2)). Let f(l) = -l + 9. Let s(n) = -n + 8. Let k(x) = -4*f(x) + 5*s(x). What is the units digit of k(m)?
7
Let x(s) = 2*s. What is the units digit of x(7)?
4
What is the units digit of (-10 - -11)*(-2 + 21)?
9
Suppose 2*t + 178 = 2*k, -5*t = 4*k - 420 + 82. What is the units digit of k?
7
Let n be (2 - 2)/(4 - 2). Let c = 5 - 1. Let a = c + n. What is the units digit of a?
4
Suppose 2*s = -3*s + 50. Suppose -2*r = -22 - s. What is the units digit of r?
6
Suppose -10 = -0*y + 5*y. Let q be y/1 - 168/(-1). What is the tens digit of q/14 - (-2)/14?
1
What is the tens digit of (-30)/(-135) + (-3506)/(-18)?
9
Suppose -5*h + 256 = -189. What is the tens digit of h?
8
Suppose -2*r - r - 2*g + 106 = 0, 0 = -2*r - 5*g + 78. What is the units digit of r?
4
Suppose -7*p + 4 = -6*p. Suppose -19 + 95 = p*w. What is the units digit of w?
9
Let x(c) = -c**2 + 4*c + 3. Let z be x(5). What is the units digit of (-9)/z*26/39?
3
Let m = 113 - 80. Suppose -x + 4*x - m = 0. What is the tens digit of x?
1
Let p(j) = -12*j**2. Let g be p(1). Let a = 49 - 27. Let l = g + a. What is the tens digit of l?
1
Suppose c - 3 = -1. Suppose -c*h = -5 - 3. What is the units digit of h?
4
Let i(f) = f**3 + 4*f**2 + 4*f + 1. Let r be i(-4). Let s = r - -68. What is the tens digit of s?
5
Let l be (-5 - -3 - -2) + -30. Let f = 47 + l. What is the units digit of f?
7
Suppose 3*f - 75 = 213. What is the tens digit of f?
9
Suppose -j + 5*t + 22 = 0, 3*j = 5*t + 66 + 30. What is the tens digit of j?
3
Suppose 0 = 2*h - 3*j - 75, -h - 4*h + 2*j + 160 = 0. Let f = 45 - h. What is the tens digit of f?
1
Suppose -6*s + 10 = -4*s. Let k be s*(-3)/(-15)*-2. What is the units digit of ((-1)/(-2))/(k/(-4))?
1
Let u(i) = -8*i + 7. Let b(f) = -23*f + 20. Let o(t) = 6*b(t) - 17*u(t). Suppose -36 = 5*k + q, 3*q + 9 = 2*k + 20. What is the units digit of o(k)?
5
Suppose -4*h - h = -65. Let a = h + 10. What is the tens digit of a?
2
Let k(t) = t**2 - 4*t + 2. Let s be k(4). Suppose 3*c + 3 = s*b, 0*b - 2*b = -4*c. What is the units digit of (-3)/b + (-15)/(-2)?
7
Let s be 4 - 1/2*-2. Let p = s - 2. Let v = p - 1. What is the units digit of v?
2
Let h = 27 - 1. Let z = -4 + h. What is the tens digit of z?
2
Let m(q) = q**3 - 6*q**2 - 10*q + 9. Let p be m(7). Let u be 2 + -1 - (2 + -22). Let v = u + p. What is the units digit of v?
9
What is the units digit of 19/76 + (15/4 - 2)?
2
Let v = 3 - 0. Let r be 3 + (-2 - 0)*-11. Suppose 0 = -v*f - 1 + r. What is the units digit of f?
8
Suppose 1377 = 5*c + 2*u, 4*u = 4*c + 5*u - 1101. What is the hundreds digit of c?
2
Suppose 0 = 4*q + q - 150. Let k = q + -8. What is the tens digit of k?
2
Let q(j) = -j + 16. Let y be q(11). Suppose -4*i + y*d + 166 = -i, 252 = 5*i + 4*d. What is the tens digit of i?
5
Let f(d) = -d + 5. Let r be f(4). Let v be 3*1/3*r. Suppose t - 2 = -v. What is the units digit of t?
1
Let c be (-2 - 3)*6/10. Let s(x) = 3*x**2 + 3*x + 1. What is the units digit of s(c)?
9
Suppose 5*g + 2*h - 777 = -0*g, 2*h - 157 = -g. What is the tens digit of g?
5
What is the units digit of (-12)/(-3) - (-2 - 32)?
8
Let r be 19/3*(-5 - -8). Let m = -5 + r. What is the units digit of m?
4
Let g = -11 + 34. What is the tens digit of g?
2
Suppose 2*a = 3*b + b + 44, a + 13 = -5*b. Let u = a - 7. Suppose -u*m + 5*g = -45, 5*m - 4*g - 42 = -0*m. What is the units digit of m?
6
Let m be ((-2)/5)/((-1)/(-5)). Let a(q) = -11*q + 4. What is the tens digit of a(m)?
2
Let s(t) = t**2 + 6*t - 3. Let k be s(-7). Let l(p) = -25*p + 2. Let u be l(k). What is the tens digit of u/(-6) + 1/(-3)?
1
Let a = -2 - -2. Suppose p = -a + 5. Suppose -n - 4*j + p = 0, j = 2*j. What is the units digit of n?
5
Let m be (-2 - 6/(-3)) + 3. Suppose -5 = -j + m*i - 4*i, 24 = 4*j + 5*i. Let g = 2 - j. What is the units digit of g?
1
Let k = 17 + -10. Suppose -p + 11 = 5*g, 4*g + 5 = -k. What is the units digit of p/6 - 8/(-12)?
5
Suppose 8*x = -2*x + 1550. What is the tens digit of x?
5
Let x be 2/(-4)*(-70)/(-5). Let t be 1 - (x + 1 - -2). Suppose 5*l + 49 = 3*f - 0*l, -2*f = -t*l - 41. What is the units digit of f?
8
Suppose -4*h = -w - 5, 4*w + 1 = 5*h + w. What is the tens digit of 5 + 18 - h/(-1)?
2
Suppose -3*c + 4*l + 44 + 84 = 0, -5*l + 155 = 5*c. What is the units digit of ((-3)/(-6))/(3/c)?
6
Suppose p - 15 = -2*p. Let o = 5 + p. What is the units digit of o?
0
Let c(o) = -o**3 + 7*o**2 + 10*o + 4. Let z be c(8). Suppose 3*y - z = 52. Suppose y = 4*p + 4. What is the units digit of p?
5
Suppose -4*b = -5*x - 0*b + 29, 0 = -3*b - 3. Suppose d = -4*d - 2*k + 18, k = -x*d + 14. What is the units digit of d?
2
Let f = -57 + 103. What is the tens digit of f?
4
What is the tens digit of 1/(6*(-4)/(-912))?
3
What is the hundreds digit of (504/(-35))/6*(-95)/2?
1
Let x = 14 - 10. Let w = x - -2. Suppose 0 = 2*z - w*z + 20. What is the units digit of z?
5
Suppose -2*v - z = 2*v - 8, 3*v + 5*z - 6 = 0. What is the units digit of 1 - 1 - (-24 - v)?
6
Let i(j) = j**3 - 11*j**2 + 3*j + 16. What is the units digit of i(11)?
9
Suppose -3*t + 23 + 52 = 0. What is the tens digit of t?
2
Suppose -c - 3*p = -52, 5*c =